{"id":140,"date":"2024-07-14T19:51:07","date_gmt":"2024-07-14T19:51:07","guid":{"rendered":"https:\/\/www.fradet-nergie.fr\/?page_id=140"},"modified":"2024-07-14T21:44:52","modified_gmt":"2024-07-14T21:44:52","slug":"galerie","status":"publish","type":"page","link":"https:\/\/www.fradet-nergie.fr\/?page_id=140","title":{"rendered":"Galerie"},"content":{"rendered":"\n<div class=\"wp-block-columns is-layout-flex wp-container-core-columns-is-layout-9d6595d7 wp-block-columns-is-layout-flex\">\n<div class=\"wp-block-column is-layout-flow wp-block-column-is-layout-flow\">\n<div class=\"wp-block-cover\"><span aria-hidden=\"true\" class=\"wp-block-cover__background has-background-dim\"><\/span><img loading=\"lazy\" decoding=\"async\" width=\"768\" height=\"1024\" class=\"wp-block-cover__image-background wp-image-143\" alt=\"\" src=\"https:\/\/www.fradet-nergie.fr\/wp-content\/uploads\/2024\/07\/IMG_20240207_214728-768x1024.jpg\" data-object-fit=\"cover\" srcset=\"https:\/\/www.fradet-nergie.fr\/wp-content\/uploads\/2024\/07\/IMG_20240207_214728-768x1024.jpg 768w, https:\/\/www.fradet-nergie.fr\/wp-content\/uploads\/2024\/07\/IMG_20240207_214728-225x300.jpg 225w, https:\/\/www.fradet-nergie.fr\/wp-content\/uploads\/2024\/07\/IMG_20240207_214728-1152x1536.jpg 1152w, https:\/\/www.fradet-nergie.fr\/wp-content\/uploads\/2024\/07\/IMG_20240207_214728-1536x2048.jpg 1536w, https:\/\/www.fradet-nergie.fr\/wp-content\/uploads\/2024\/07\/IMG_20240207_214728-1024x1365.jpg 1024w, https:\/\/www.fradet-nergie.fr\/wp-content\/uploads\/2024\/07\/IMG_20240207_214728-810x1080.jpg 810w, https:\/\/www.fradet-nergie.fr\/wp-content\/uploads\/2024\/07\/IMG_20240207_214728-scaled.jpg 1920w\" sizes=\"auto, (max-width: 768px) 100vw, 768px\" \/><div class=\"wp-block-cover__inner-container is-layout-flow wp-block-cover-is-layout-flow\">\n<p class=\"has-text-align-center has-large-font-size\"><\/p>\n<\/div><\/div>\n\n\n\n<p>Avant<\/p>\n<\/div>\n\n\n\n<div class=\"wp-block-column is-layout-flow wp-block-column-is-layout-flow\">\n<div class=\"wp-block-cover aligncenter\"><span aria-hidden=\"true\" class=\"wp-block-cover__background has-background-dim\"><\/span><img loading=\"lazy\" decoding=\"async\" width=\"1024\" height=\"768\" class=\"wp-block-cover__image-background wp-image-144\" alt=\"\" src=\"https:\/\/www.fradet-nergie.fr\/wp-content\/uploads\/2024\/07\/IMG_20240402_111751-1024x768.jpg\" data-object-fit=\"cover\" srcset=\"https:\/\/www.fradet-nergie.fr\/wp-content\/uploads\/2024\/07\/IMG_20240402_111751-1024x768.jpg 1024w, https:\/\/www.fradet-nergie.fr\/wp-content\/uploads\/2024\/07\/IMG_20240402_111751-300x225.jpg 300w, https:\/\/www.fradet-nergie.fr\/wp-content\/uploads\/2024\/07\/IMG_20240402_111751-768x576.jpg 768w, https:\/\/www.fradet-nergie.fr\/wp-content\/uploads\/2024\/07\/IMG_20240402_111751-1536x1152.jpg 1536w, https:\/\/www.fradet-nergie.fr\/wp-content\/uploads\/2024\/07\/IMG_20240402_111751-2048x1536.jpg 2048w, https:\/\/www.fradet-nergie.fr\/wp-content\/uploads\/2024\/07\/IMG_20240402_111751-1440x1080.jpg 1440w\" sizes=\"auto, (max-width: 1024px) 100vw, 1024px\" \/><div class=\"wp-block-cover__inner-container is-layout-flow wp-block-cover-is-layout-flow\">\n<p class=\"has-text-align-center has-large-font-size\"><\/p>\n<\/div><\/div>\n\n\n\n<p>Apr\u00e8s<\/p>\n<\/div>\n<\/div>\n\n\n\n<div style=\"height:100px\" aria-hidden=\"true\" class=\"wp-block-spacer\"><\/div>\n\n\n\n<div class=\"wp-block-columns is-layout-flex wp-container-core-columns-is-layout-9d6595d7 wp-block-columns-is-layout-flex\">\n<div class=\"wp-block-column is-layout-flow wp-block-column-is-layout-flow\">\n<div class=\"wp-block-cover\"><span aria-hidden=\"true\" class=\"wp-block-cover__background has-background-dim\"><\/span><img loading=\"lazy\" decoding=\"async\" width=\"768\" height=\"1024\" class=\"wp-block-cover__image-background wp-image-146\" alt=\"\" src=\"https:\/\/www.fradet-nergie.fr\/wp-content\/uploads\/2024\/07\/IMG_20240607_100121-768x1024.jpg\" data-object-fit=\"cover\" srcset=\"https:\/\/www.fradet-nergie.fr\/wp-content\/uploads\/2024\/07\/IMG_20240607_100121-768x1024.jpg 768w, https:\/\/www.fradet-nergie.fr\/wp-content\/uploads\/2024\/07\/IMG_20240607_100121-225x300.jpg 225w, https:\/\/www.fradet-nergie.fr\/wp-content\/uploads\/2024\/07\/IMG_20240607_100121-1152x1536.jpg 1152w, https:\/\/www.fradet-nergie.fr\/wp-content\/uploads\/2024\/07\/IMG_20240607_100121-1536x2048.jpg 1536w, https:\/\/www.fradet-nergie.fr\/wp-content\/uploads\/2024\/07\/IMG_20240607_100121-1024x1365.jpg 1024w, https:\/\/www.fradet-nergie.fr\/wp-content\/uploads\/2024\/07\/IMG_20240607_100121-810x1080.jpg 810w, https:\/\/www.fradet-nergie.fr\/wp-content\/uploads\/2024\/07\/IMG_20240607_100121-scaled.jpg 1920w\" sizes=\"auto, (max-width: 768px) 100vw, 768px\" \/><div class=\"wp-block-cover__inner-container is-layout-flow wp-block-cover-is-layout-flow\">\n<p class=\"has-text-align-center has-large-font-size\"><\/p>\n<\/div><\/div>\n\n\n\n<p>Avant<\/p>\n<\/div>\n\n\n\n<div class=\"wp-block-column is-layout-flow wp-block-column-is-layout-flow\">\n<div class=\"wp-block-cover\"><span aria-hidden=\"true\" class=\"wp-block-cover__background has-background-dim\"><\/span><img loading=\"lazy\" decoding=\"async\" width=\"768\" height=\"1024\" class=\"wp-block-cover__image-background wp-image-147\" alt=\"\" src=\"https:\/\/www.fradet-nergie.fr\/wp-content\/uploads\/2024\/07\/IMG_20240607_114300-768x1024.jpg\" data-object-fit=\"cover\" srcset=\"https:\/\/www.fradet-nergie.fr\/wp-content\/uploads\/2024\/07\/IMG_20240607_114300-768x1024.jpg 768w, https:\/\/www.fradet-nergie.fr\/wp-content\/uploads\/2024\/07\/IMG_20240607_114300-225x300.jpg 225w, https:\/\/www.fradet-nergie.fr\/wp-content\/uploads\/2024\/07\/IMG_20240607_114300-1152x1536.jpg 1152w, https:\/\/www.fradet-nergie.fr\/wp-content\/uploads\/2024\/07\/IMG_20240607_114300-1536x2048.jpg 1536w, https:\/\/www.fradet-nergie.fr\/wp-content\/uploads\/2024\/07\/IMG_20240607_114300-1024x1365.jpg 1024w, https:\/\/www.fradet-nergie.fr\/wp-content\/uploads\/2024\/07\/IMG_20240607_114300-810x1080.jpg 810w, https:\/\/www.fradet-nergie.fr\/wp-content\/uploads\/2024\/07\/IMG_20240607_114300-scaled.jpg 1920w\" sizes=\"auto, (max-width: 768px) 100vw, 768px\" \/><div class=\"wp-block-cover__inner-container is-layout-flow wp-block-cover-is-layout-flow\">\n<p class=\"has-text-align-center has-large-font-size\"><\/p>\n<\/div><\/div>\n\n\n\n<p>Apr\u00e8s<\/p>\n<\/div>\n<\/div>\n\n\n\n<div style=\"height:100px\" aria-hidden=\"true\" class=\"wp-block-spacer\"><\/div>\n\n\n\n<div class=\"wp-block-columns is-layout-flex wp-container-core-columns-is-layout-9d6595d7 wp-block-columns-is-layout-flex\">\n<div class=\"wp-block-column is-layout-flow wp-block-column-is-layout-flow\">\n<div class=\"wp-block-cover\"><span aria-hidden=\"true\" class=\"wp-block-cover__background has-background-dim\"><\/span><img loading=\"lazy\" decoding=\"async\" width=\"1024\" height=\"768\" class=\"wp-block-cover__image-background wp-image-148\" alt=\"\" src=\"https:\/\/www.fradet-nergie.fr\/wp-content\/uploads\/2024\/07\/IMG_20230721_180649-1024x768.jpg\" data-object-fit=\"cover\" srcset=\"https:\/\/www.fradet-nergie.fr\/wp-content\/uploads\/2024\/07\/IMG_20230721_180649-1024x768.jpg 1024w, https:\/\/www.fradet-nergie.fr\/wp-content\/uploads\/2024\/07\/IMG_20230721_180649-300x225.jpg 300w, https:\/\/www.fradet-nergie.fr\/wp-content\/uploads\/2024\/07\/IMG_20230721_180649-768x576.jpg 768w, https:\/\/www.fradet-nergie.fr\/wp-content\/uploads\/2024\/07\/IMG_20230721_180649-1536x1152.jpg 1536w, https:\/\/www.fradet-nergie.fr\/wp-content\/uploads\/2024\/07\/IMG_20230721_180649-2048x1536.jpg 2048w, https:\/\/www.fradet-nergie.fr\/wp-content\/uploads\/2024\/07\/IMG_20230721_180649-1440x1080.jpg 1440w\" sizes=\"auto, (max-width: 1024px) 100vw, 1024px\" \/><div class=\"wp-block-cover__inner-container is-layout-flow wp-block-cover-is-layout-flow\">\n<p class=\"has-text-align-center has-large-font-size\"><\/p>\n<\/div><\/div>\n\n\n\n<p>Plancher chauffant<\/p>\n<\/div>\n\n\n\n<div class=\"wp-block-column is-layout-flow wp-block-column-is-layout-flow\">\n<div class=\"wp-block-cover is-light\"><span aria-hidden=\"true\" class=\"wp-block-cover__background has-background-dim\"><\/span><img loading=\"lazy\" decoding=\"async\" width=\"640\" height=\"480\" class=\"wp-block-cover__image-background wp-image-149\" alt=\"\" src=\"https:\/\/www.fradet-nergie.fr\/wp-content\/uploads\/2024\/07\/IMG_20231127_203724.jpg\" data-object-fit=\"cover\" srcset=\"https:\/\/www.fradet-nergie.fr\/wp-content\/uploads\/2024\/07\/IMG_20231127_203724.jpg 640w, https:\/\/www.fradet-nergie.fr\/wp-content\/uploads\/2024\/07\/IMG_20231127_203724-300x225.jpg 300w\" sizes=\"auto, (max-width: 640px) 100vw, 640px\" \/><div class=\"wp-block-cover__inner-container is-layout-flow wp-block-cover-is-layout-flow\">\n<p class=\"has-text-align-center has-large-font-size\"><\/p>\n<\/div><\/div>\n\n\n\n<p>Pompe \u00e0 chaleur en remplacement d&rsquo;une chaudi\u00e8re Fioul<\/p>\n<\/div>\n<\/div>\n\n\n\n<div style=\"height:98px\" aria-hidden=\"true\" class=\"wp-block-spacer\"><\/div>\n\n\n\n<div class=\"wp-block-columns is-layout-flex wp-container-core-columns-is-layout-9d6595d7 wp-block-columns-is-layout-flex\">\n<div class=\"wp-block-column is-layout-flow wp-block-column-is-layout-flow\">\n<div class=\"wp-block-cover\"><span aria-hidden=\"true\" class=\"wp-block-cover__background has-background-dim\"><\/span><img loading=\"lazy\" decoding=\"async\" width=\"1024\" height=\"768\" class=\"wp-block-cover__image-background wp-image-150\" alt=\"\" src=\"https:\/\/www.fradet-nergie.fr\/wp-content\/uploads\/2024\/07\/IMG_20240215_135901-1024x768.jpg\" data-object-fit=\"cover\" srcset=\"https:\/\/www.fradet-nergie.fr\/wp-content\/uploads\/2024\/07\/IMG_20240215_135901-1024x768.jpg 1024w, https:\/\/www.fradet-nergie.fr\/wp-content\/uploads\/2024\/07\/IMG_20240215_135901-300x225.jpg 300w, https:\/\/www.fradet-nergie.fr\/wp-content\/uploads\/2024\/07\/IMG_20240215_135901-768x576.jpg 768w, https:\/\/www.fradet-nergie.fr\/wp-content\/uploads\/2024\/07\/IMG_20240215_135901-1536x1152.jpg 1536w, https:\/\/www.fradet-nergie.fr\/wp-content\/uploads\/2024\/07\/IMG_20240215_135901-2048x1536.jpg 2048w, https:\/\/www.fradet-nergie.fr\/wp-content\/uploads\/2024\/07\/IMG_20240215_135901-1440x1080.jpg 1440w\" sizes=\"auto, (max-width: 1024px) 100vw, 1024px\" \/><div class=\"wp-block-cover__inner-container is-layout-flow wp-block-cover-is-layout-flow\">\n<p class=\"has-text-align-center has-large-font-size\"><\/p>\n<\/div><\/div>\n\n\n\n<p>Osmoseur<\/p>\n<\/div>\n\n\n\n<div class=\"wp-block-column is-layout-flow wp-block-column-is-layout-flow\">\n<figure class=\"wp-block-image size-large\"><img loading=\"lazy\" decoding=\"async\" width=\"1024\" height=\"768\" src=\"https:\/\/www.fradet-nergie.fr\/wp-content\/uploads\/2024\/07\/IMG_20231011_175048-1-1024x768.jpg\" alt=\"\" class=\"wp-image-154\" srcset=\"https:\/\/www.fradet-nergie.fr\/wp-content\/uploads\/2024\/07\/IMG_20231011_175048-1-1024x768.jpg 1024w, https:\/\/www.fradet-nergie.fr\/wp-content\/uploads\/2024\/07\/IMG_20231011_175048-1-300x225.jpg 300w, https:\/\/www.fradet-nergie.fr\/wp-content\/uploads\/2024\/07\/IMG_20231011_175048-1-768x576.jpg 768w, https:\/\/www.fradet-nergie.fr\/wp-content\/uploads\/2024\/07\/IMG_20231011_175048-1-1536x1152.jpg 1536w, https:\/\/www.fradet-nergie.fr\/wp-content\/uploads\/2024\/07\/IMG_20231011_175048-1-2048x1536.jpg 2048w, https:\/\/www.fradet-nergie.fr\/wp-content\/uploads\/2024\/07\/IMG_20231011_175048-1-1440x1080.jpg 1440w\" sizes=\"auto, (max-width: 1024px) 100vw, 1024px\" \/><\/figure>\n\n\n\n<p>Climatisation dans une pension pour chat.<\/p>\n<\/div>\n<\/div>\n\n\n\n<div style=\"height:69px\" aria-hidden=\"true\" class=\"wp-block-spacer\"><\/div>\n\n\n\n<div class=\"wp-block-columns is-layout-flex wp-container-core-columns-is-layout-9d6595d7 wp-block-columns-is-layout-flex\">\n<div class=\"wp-block-column is-layout-flow wp-block-column-is-layout-flow\">\n<figure class=\"wp-block-image size-large\"><img loading=\"lazy\" decoding=\"async\" width=\"768\" height=\"1024\" src=\"https:\/\/www.fradet-nergie.fr\/wp-content\/uploads\/2024\/07\/IMG_20240209_133953-768x1024.jpg\" alt=\"\" class=\"wp-image-152\" srcset=\"https:\/\/www.fradet-nergie.fr\/wp-content\/uploads\/2024\/07\/IMG_20240209_133953-768x1024.jpg 768w, https:\/\/www.fradet-nergie.fr\/wp-content\/uploads\/2024\/07\/IMG_20240209_133953-225x300.jpg 225w, https:\/\/www.fradet-nergie.fr\/wp-content\/uploads\/2024\/07\/IMG_20240209_133953-1152x1536.jpg 1152w, https:\/\/www.fradet-nergie.fr\/wp-content\/uploads\/2024\/07\/IMG_20240209_133953-1536x2048.jpg 1536w, https:\/\/www.fradet-nergie.fr\/wp-content\/uploads\/2024\/07\/IMG_20240209_133953-1024x1365.jpg 1024w, https:\/\/www.fradet-nergie.fr\/wp-content\/uploads\/2024\/07\/IMG_20240209_133953-810x1080.jpg 810w, https:\/\/www.fradet-nergie.fr\/wp-content\/uploads\/2024\/07\/IMG_20240209_133953-scaled.jpg 1920w\" sizes=\"auto, (max-width: 768px) 100vw, 768px\" \/><\/figure>\n\n\n\n<p>Remplacement Chaudi\u00e8re Gaz<\/p>\n<\/div>\n\n\n\n<div class=\"wp-block-column is-layout-flow wp-block-column-is-layout-flow\">\n<figure class=\"wp-block-image size-large\"><img loading=\"lazy\" decoding=\"async\" width=\"768\" height=\"1024\" src=\"https:\/\/www.fradet-nergie.fr\/wp-content\/uploads\/2024\/07\/IMG_20240607_171349-768x1024.jpg\" alt=\"\" class=\"wp-image-155\" srcset=\"https:\/\/www.fradet-nergie.fr\/wp-content\/uploads\/2024\/07\/IMG_20240607_171349-768x1024.jpg 768w, https:\/\/www.fradet-nergie.fr\/wp-content\/uploads\/2024\/07\/IMG_20240607_171349-225x300.jpg 225w, https:\/\/www.fradet-nergie.fr\/wp-content\/uploads\/2024\/07\/IMG_20240607_171349-1152x1536.jpg 1152w, https:\/\/www.fradet-nergie.fr\/wp-content\/uploads\/2024\/07\/IMG_20240607_171349-1536x2048.jpg 1536w, https:\/\/www.fradet-nergie.fr\/wp-content\/uploads\/2024\/07\/IMG_20240607_171349-1024x1365.jpg 1024w, https:\/\/www.fradet-nergie.fr\/wp-content\/uploads\/2024\/07\/IMG_20240607_171349-810x1080.jpg 810w, https:\/\/www.fradet-nergie.fr\/wp-content\/uploads\/2024\/07\/IMG_20240607_171349-scaled.jpg 1920w\" sizes=\"auto, (max-width: 768px) 100vw, 768px\" \/><\/figure>\n\n\n\n<p>Antitartre Dropson<\/p>\n<\/div>\n<\/div>\n\n\n\n<p><\/p>\n","protected":false},"excerpt":{"rendered":"<p>Avant Apr\u00e8s Avant Apr\u00e8s Plancher chauffant Pompe \u00e0 chaleur en remplacement d&rsquo;une chaudi\u00e8re Fioul Osmoseur Climatisation dans une pension pour chat. Remplacement Chaudi\u00e8re Gaz Antitartre Dropson<\/p>\n","protected":false},"author":1,"featured_media":0,"parent":0,"menu_order":0,"comment_status":"closed","ping_status":"closed","template":"","meta":{"footnotes":""},"class_list":["post-140","page","type-page","status-publish","hentry"],"_links":{"self":[{"href":"https:\/\/www.fradet-nergie.fr\/index.php?rest_route=\/wp\/v2\/pages\/140","targetHints":{"allow":["GET"]}}],"collection":[{"href":"https:\/\/www.fradet-nergie.fr\/index.php?rest_route=\/wp\/v2\/pages"}],"about":[{"href":"https:\/\/www.fradet-nergie.fr\/index.php?rest_route=\/wp\/v2\/types\/page"}],"author":[{"embeddable":true,"href":"https:\/\/www.fradet-nergie.fr\/index.php?rest_route=\/wp\/v2\/users\/1"}],"replies":[{"embeddable":true,"href":"https:\/\/www.fradet-nergie.fr\/index.php?rest_route=%2Fwp%2Fv2%2Fcomments&post=140"}],"version-history":[{"count":9,"href":"https:\/\/www.fradet-nergie.fr\/index.php?rest_route=\/wp\/v2\/pages\/140\/revisions"}],"predecessor-version":[{"id":213,"href":"https:\/\/www.fradet-nergie.fr\/index.php?rest_route=\/wp\/v2\/pages\/140\/revisions\/213"}],"wp:attachment":[{"href":"https:\/\/www.fradet-nergie.fr\/index.php?rest_route=%2Fwp%2Fv2%2Fmedia&parent=140"}],"curies":[{"name":"wp","href":"https:\/\/api.w.org\/{rel}","templated":true}]}}